{"id":560,"date":"2021-02-10T12:12:48","date_gmt":"2021-02-10T12:12:48","guid":{"rendered":"http:\/\/previsare.com.br\/?post_type=product&#038;p=560"},"modified":"2026-04-09T07:00:14","modified_gmt":"2026-04-09T07:00:14","slug":"seguro-de-vida-copia","status":"publish","type":"product","link":"https:\/\/previsare.com.br\/?product=seguro-de-vida-copia","title":{"rendered":"Vida e Acidentes Pessoais"},"content":{"rendered":"","protected":false},"excerpt":{"rendered":"<p>\u00c9 importante manter-se protegido.<\/p>\n<p>Por isso, a Previsare Corretora de Seguros oferece as melhores op\u00e7\u00f5es de seguro de vida existentes no mercado segurador e garante que voc\u00ea e sua fam\u00edlia vivam suas vidas sem preocupa\u00e7\u00f5es.<\/p>\n<p>Entre em contato com um dos nossos consultores para entender mais sobre o que podemos fazer por voc\u00ea e sua fam\u00edlia, e deixe esta preocupa\u00e7\u00e3o em nossas m\u00e3os!<\/p>\n<p><a href=\"mailto:Comercial@previsare.com.br\">Comercial@previsare.com.br<\/a><\/p>\n","protected":false},"featured_media":557,"comment_status":"open","ping_status":"closed","template":"","meta":[],"class_list":{"0":"post-560","1":"product","2":"type-product","3":"status-publish","4":"has-post-thumbnail","6":"product_cat-sem-categoria","8":"first","9":"instock","10":"shipping-taxable","11":"product-type-simple"},"yoast_head":"<!-- This site is optimized with the Yoast SEO plugin v15.8 - https:\/\/yoast.com\/wordpress\/plugins\/seo\/ -->\n<title>Vida e Acidentes Pessoais - Previsare<\/title>\n<meta name=\"robots\" content=\"index, follow, max-snippet:-1, max-image-preview:large, max-video-preview:-1\" \/>\n<link rel=\"canonical\" href=\"https:\/\/previsare.com.br\/?product=seguro-de-vida-copia\" \/>\n<meta property=\"og:locale\" content=\"pt_BR\" \/>\n<meta property=\"og:type\" content=\"article\" \/>\n<meta property=\"og:title\" content=\"Vida e Acidentes Pessoais - Previsare\" \/>\n<meta property=\"og:description\" content=\"\u00c9 importante manter-se protegido.  Por isso, a Previsare Corretora de Seguros oferece as melhores op\u00e7\u00f5es de seguro de vida existentes no mercado segurador e garante que voc\u00ea e sua fam\u00edlia vivam suas vidas sem preocupa\u00e7\u00f5es.  Entre em contato com um dos nossos consultores para entender mais sobre o que podemos fazer por voc\u00ea e sua fam\u00edlia, e deixe esta preocupa\u00e7\u00e3o em nossas m\u00e3os!  Comercial@previsare.com.br\" \/>\n<meta property=\"og:url\" content=\"https:\/\/previsare.com.br\/?product=seguro-de-vida-copia\" \/>\n<meta property=\"og:site_name\" content=\"Previsare\" \/>\n<meta property=\"article:modified_time\" content=\"2026-04-09T07:00:14+00:00\" \/>\n<meta property=\"og:image\" content=\"https:\/\/previsare.com.br\/wp-content\/uploads\/2021\/02\/seguro_de_vida-1.jpg\" \/>\n\t<meta property=\"og:image:width\" content=\"254\" \/>\n\t<meta property=\"og:image:height\" content=\"175\" \/>\n<meta name=\"twitter:card\" content=\"summary_large_image\" \/>\n<script type=\"application\/ld+json\" class=\"yoast-schema-graph\">{\"@context\":\"https:\/\/schema.org\",\"@graph\":[{\"@type\":\"WebSite\",\"@id\":\"https:\/\/previsare.com.br\/#website\",\"url\":\"https:\/\/previsare.com.br\/\",\"name\":\"Previsare\",\"description\":\"Corretora de Seguros\",\"potentialAction\":[{\"@type\":\"SearchAction\",\"target\":\"https:\/\/previsare.com.br\/?s={search_term_string}\",\"query-input\":\"required name=search_term_string\"}],\"inLanguage\":\"pt-BR\"},{\"@type\":\"ImageObject\",\"@id\":\"https:\/\/previsare.com.br\/?product=seguro-de-vida-copia#primaryimage\",\"inLanguage\":\"pt-BR\",\"url\":\"https:\/\/previsare.com.br\/wp-content\/uploads\/2021\/02\/seguro_de_vida-1.jpg\",\"width\":254,\"height\":175},{\"@type\":\"WebPage\",\"@id\":\"https:\/\/previsare.com.br\/?product=seguro-de-vida-copia#webpage\",\"url\":\"https:\/\/previsare.com.br\/?product=seguro-de-vida-copia\",\"name\":\"Vida e Acidentes Pessoais - Previsare\",\"isPartOf\":{\"@id\":\"https:\/\/previsare.com.br\/#website\"},\"primaryImageOfPage\":{\"@id\":\"https:\/\/previsare.com.br\/?product=seguro-de-vida-copia#primaryimage\"},\"datePublished\":\"2021-02-10T12:12:48+00:00\",\"dateModified\":\"2026-04-09T07:00:14+00:00\",\"breadcrumb\":{\"@id\":\"https:\/\/previsare.com.br\/?product=seguro-de-vida-copia#breadcrumb\"},\"inLanguage\":\"pt-BR\",\"potentialAction\":[{\"@type\":\"ReadAction\",\"target\":[\"https:\/\/previsare.com.br\/?product=seguro-de-vida-copia\"]}]},{\"@type\":\"BreadcrumbList\",\"@id\":\"https:\/\/previsare.com.br\/?product=seguro-de-vida-copia#breadcrumb\",\"itemListElement\":[{\"@type\":\"ListItem\",\"position\":1,\"item\":{\"@type\":\"WebPage\",\"@id\":\"https:\/\/previsare.com.br\/\",\"url\":\"https:\/\/previsare.com.br\/\",\"name\":\"Home\"}},{\"@type\":\"ListItem\",\"position\":2,\"item\":{\"@type\":\"WebPage\",\"@id\":\"https:\/\/previsare.com.br\/?page_id=395\",\"url\":\"https:\/\/previsare.com.br\/?page_id=395\",\"name\":\"Loja\"}},{\"@type\":\"ListItem\",\"position\":3,\"item\":{\"@type\":\"WebPage\",\"@id\":\"https:\/\/previsare.com.br\/?product=seguro-de-vida-copia\",\"url\":\"https:\/\/previsare.com.br\/?product=seguro-de-vida-copia\",\"name\":\"Vida e Acidentes Pessoais\"}}]}]}<\/script>\n<!-- \/ Yoast SEO plugin. -->","_links":{"self":[{"href":"https:\/\/previsare.com.br\/index.php?rest_route=\/wp\/v2\/product\/560","targetHints":{"allow":["GET"]}}],"collection":[{"href":"https:\/\/previsare.com.br\/index.php?rest_route=\/wp\/v2\/product"}],"about":[{"href":"https:\/\/previsare.com.br\/index.php?rest_route=\/wp\/v2\/types\/product"}],"replies":[{"embeddable":true,"href":"https:\/\/previsare.com.br\/index.php?rest_route=%2Fwp%2Fv2%2Fcomments&post=560"}],"wp:featuredmedia":[{"embeddable":true,"href":"https:\/\/previsare.com.br\/index.php?rest_route=\/wp\/v2\/media\/557"}],"wp:attachment":[{"href":"https:\/\/previsare.com.br\/index.php?rest_route=%2Fwp%2Fv2%2Fmedia&parent=560"}],"curies":[{"name":"wp","href":"https:\/\/api.w.org\/{rel}","templated":true}]}}